{"id":643,"date":"2020-06-22T13:25:48","date_gmt":"2020-06-22T11:25:48","guid":{"rendered":"https:\/\/testpage.future-parking.de\/?page_id=643"},"modified":"2020-11-13T14:05:43","modified_gmt":"2020-11-13T13:05:43","slug":"software-services","status":"publish","type":"page","link":"https:\/\/future-parking.de\/?page_id=643","title":{"rendered":"Software\/Services"},"content":{"rendered":"<h2>Software\/Services<\/h2>\n<h4>App, Betreiber- und Nutzeransicht<\/h4>\n<p>Das Parkhauseditor-Werkzeug erlaubt dem Betreiber, die Ma\u00dfe einzelner oder mehrerer Parkpl\u00e4tze anzupassen, ihren Typ zu \u00e4ndern (z. B. Familien- oder Behindertenparkplatz) oder sogar komplett neue Park- oder Sperrfl\u00e4chen auszuweisen, um z. B. Logistikfl\u00e4chen, wie Ladezonen, zu definieren<\/p>\n<p>\t\t\t\t\t\t\t\t\t\t<img decoding=\"async\" width=\"300\" height=\"239\" src=\"https:\/\/future-parking.de\/wp-content\/uploads\/2020\/08\/bunchung2-300x239.jpg\" alt=\"\" loading=\"lazy\" srcset=\"https:\/\/future-parking.de\/wp-content\/uploads\/2020\/08\/bunchung2-300x239.jpg 300w, https:\/\/future-parking.de\/wp-content\/uploads\/2020\/08\/bunchung2-1024x817.jpg 1024w, https:\/\/future-parking.de\/wp-content\/uploads\/2020\/08\/bunchung2-768x613.jpg 768w, https:\/\/future-parking.de\/wp-content\/uploads\/2020\/08\/bunchung2-830x662.jpg 830w, https:\/\/future-parking.de\/wp-content\/uploads\/2020\/08\/bunchung2-230x184.jpg 230w, https:\/\/future-parking.de\/wp-content\/uploads\/2020\/08\/bunchung2-350x279.jpg 350w, https:\/\/future-parking.de\/wp-content\/uploads\/2020\/08\/bunchung2-480x383.jpg 480w, https:\/\/future-parking.de\/wp-content\/uploads\/2020\/08\/bunchung2.jpg 1128w\" sizes=\"auto, (max-width: 300px) 100vw, 300px\" \/><br \/>\n\t\t\t\t\t\t\t\t\t\t<img decoding=\"async\" width=\"1024\" height=\"519\" src=\"https:\/\/future-parking.de\/wp-content\/uploads\/2020\/08\/bunchung1-1024x519.jpg\" alt=\"\" loading=\"lazy\" srcset=\"https:\/\/future-parking.de\/wp-content\/uploads\/2020\/08\/bunchung1-1024x519.jpg 1024w, https:\/\/future-parking.de\/wp-content\/uploads\/2020\/08\/bunchung1-300x152.jpg 300w, https:\/\/future-parking.de\/wp-content\/uploads\/2020\/08\/bunchung1-768x389.jpg 768w, https:\/\/future-parking.de\/wp-content\/uploads\/2020\/08\/bunchung1-830x420.jpg 830w, https:\/\/future-parking.de\/wp-content\/uploads\/2020\/08\/bunchung1-230x116.jpg 230w, https:\/\/future-parking.de\/wp-content\/uploads\/2020\/08\/bunchung1-350x177.jpg 350w, https:\/\/future-parking.de\/wp-content\/uploads\/2020\/08\/bunchung1-480x243.jpg 480w, https:\/\/future-parking.de\/wp-content\/uploads\/2020\/08\/bunchung1.jpg 1386w\" sizes=\"auto, (max-width: 1024px) 100vw, 1024px\" \/>\t\t\t\t\t\t\t\t\t\t\t<\/p>\n<h4 style=\"text-align: right;\">Parkhausmanagement<\/h4>\n<p style=\"text-align: right;\">F\u00fcr diese Darstellung wurde eine verbesserte optische Darstellung entwickelt, die nun statt 2D eine 2,5D-Visualisierung erm\u00f6glicht.<\/p>\n<h4>Einbindung von Karten und Livedaten zur Position<\/h4>\n<p>Im Projekt wurde eine Schnittstelle zwischen interner Kommunikation und der Nutzeransicht definiert. Diese bietet dem Fahrer des zu parkenden Fahrzeugs die M\u00f6glichkeit, eine echtzeitnahe Darstellung des Parkhausmodells inklusive Belegung und Routing zum zugewiesenen Parkplatz zu erhalten.<\/p>\n<p>\t\t\t\t\t\t\t\t\t\t<img decoding=\"async\" width=\"852\" height=\"400\" src=\"https:\/\/future-parking.de\/wp-content\/uploads\/2020\/11\/IVS_AMP_Parkhausansicht_FS-002.jpg\" alt=\"\" loading=\"lazy\" srcset=\"https:\/\/future-parking.de\/wp-content\/uploads\/2020\/11\/IVS_AMP_Parkhausansicht_FS-002.jpg 852w, https:\/\/future-parking.de\/wp-content\/uploads\/2020\/11\/IVS_AMP_Parkhausansicht_FS-002-300x141.jpg 300w, https:\/\/future-parking.de\/wp-content\/uploads\/2020\/11\/IVS_AMP_Parkhausansicht_FS-002-768x361.jpg 768w, https:\/\/future-parking.de\/wp-content\/uploads\/2020\/11\/IVS_AMP_Parkhausansicht_FS-002-830x390.jpg 830w, https:\/\/future-parking.de\/wp-content\/uploads\/2020\/11\/IVS_AMP_Parkhausansicht_FS-002-230x108.jpg 230w, https:\/\/future-parking.de\/wp-content\/uploads\/2020\/11\/IVS_AMP_Parkhausansicht_FS-002-350x164.jpg 350w, https:\/\/future-parking.de\/wp-content\/uploads\/2020\/11\/IVS_AMP_Parkhausansicht_FS-002-480x225.jpg 480w\" sizes=\"auto, (max-width: 852px) 100vw, 852px\" \/>\t\t\t\t\t\t\t\t\t\t\t<\/p>\n<h3>\u00dcbersicht Ergebnisse Nutzerumfrage<\/h3>\n<ul style=\"font-weight: 400;\">\n<li data-leveltext=\"\uf0b7\" data-font=\"Symbol\" data-listid=\"15\" aria-setsize=\"-1\" data-aria-posinset=\"1\" data-aria-level=\"1\">Aus Nutzersicht herrscht eine \u00fcberwiegende Bereitschaft, eine kostenlose App zur Nutzung der Technologie\u00a0auf einem mobilen Endger\u00e4t zu laden und zu installieren (fast 90%)\u00a0<\/li>\n<li data-leveltext=\"\uf0b7\" data-font=\"Symbol\" data-listid=\"15\" aria-setsize=\"-1\" data-aria-posinset=\"2\" data-aria-level=\"1\">Freie Parkpl\u00e4tze, die mit der Technologie gefunden werden k\u00f6nnen,\u00a0liegen in den Begeisterungsfaktoren\u00a0bei \u00fcber 90%, eine Navigation zum Stellplatz bei \u00fcber 70% und die geplante Funktion zum Wiederfinden des Fahrzeugs im Parkhaus liegt bei\u00a0ebenfalls \u00fcber 70%.\u00a0\u00a0<\/li>\n<li data-leveltext=\"\uf0b7\" data-font=\"Symbol\" data-listid=\"15\" aria-setsize=\"-1\" data-aria-posinset=\"3\" data-aria-level=\"1\">Ben\u00f6tigte Leistungsfaktoren, wie \u00dcbersichten zu angefallenen Kosten und Restparkzeit sowie Bezahlung via App\u00a0bringen es auf ca. 75% Zustimmung.\u00a0\u00a0<\/li>\n<\/ul>\n","protected":false},"excerpt":{"rendered":"<p>Software\/Services App, Betreiber- und Nutzeransicht Das Parkhauseditor-Werkzeug erlaubt dem Betreiber, die Ma\u00dfe einzelner oder mehrerer Parkpl\u00e4tze anzupassen, ihren Typ zu \u00e4ndern (z. [&hellip;]<\/p>\n","protected":false},"author":2,"featured_media":0,"parent":569,"menu_order":2,"comment_status":"closed","ping_status":"closed","template":"","meta":{"footnotes":""},"class_list":["post-643","page","type-page","status-publish","hentry"],"_links":{"self":[{"href":"https:\/\/future-parking.de\/index.php?rest_route=\/wp\/v2\/pages\/643","targetHints":{"allow":["GET"]}}],"collection":[{"href":"https:\/\/future-parking.de\/index.php?rest_route=\/wp\/v2\/pages"}],"about":[{"href":"https:\/\/future-parking.de\/index.php?rest_route=\/wp\/v2\/types\/page"}],"author":[{"embeddable":true,"href":"https:\/\/future-parking.de\/index.php?rest_route=\/wp\/v2\/users\/2"}],"replies":[{"embeddable":true,"href":"https:\/\/future-parking.de\/index.php?rest_route=%2Fwp%2Fv2%2Fcomments&post=643"}],"version-history":[{"count":18,"href":"https:\/\/future-parking.de\/index.php?rest_route=\/wp\/v2\/pages\/643\/revisions"}],"predecessor-version":[{"id":866,"href":"https:\/\/future-parking.de\/index.php?rest_route=\/wp\/v2\/pages\/643\/revisions\/866"}],"up":[{"embeddable":true,"href":"https:\/\/future-parking.de\/index.php?rest_route=\/wp\/v2\/pages\/569"}],"wp:attachment":[{"href":"https:\/\/future-parking.de\/index.php?rest_route=%2Fwp%2Fv2%2Fmedia&parent=643"}],"curies":[{"name":"wp","href":"https:\/\/api.w.org\/{rel}","templated":true}]}}