{"id":571,"date":"2020-06-12T14:38:00","date_gmt":"2020-06-12T12:38:00","guid":{"rendered":"https:\/\/testpage.future-parking.de\/?page_id=571"},"modified":"2020-11-13T13:54:41","modified_gmt":"2020-11-13T12:54:41","slug":"anwendungsfelder","status":"publish","type":"page","link":"https:\/\/future-parking.de\/?page_id=571","title":{"rendered":"Anwendungsfelder"},"content":{"rendered":"<h2>Anwendungsfelder<\/h2>\n<h4 style=\"text-align: left;\"><b>Navigation in geschlossenen R\u00e4umen<\/b>\u00a0<\/h4>\n<p style=\"text-align: left;\">Wie begegnet man den Problemen, die in geschlossenen R\u00e4umen bei der Navigation entstehen? Mit der Technologie von Future Parking. <\/p>\n<p style=\"text-align: left;\">Sie leistet: :\u00a0<\/p>\n<p style=\"text-align: left;\">&#8211; Unabh\u00e4ngigkeit von satellitengest\u00fctzter Ortung\u00a0\u00a0<br \/>&#8211; Indoor-Kommunikation trotz St\u00f6rungen und Reflexionen durch die Bausubstanz\u00a0\u00a0<br \/>&#8211;\u00a0Verf\u00fcgbare Information \u00fcber frei und besetzte Parkfl\u00e4chen\u00a0<br \/>&#8211; Hohe Genauigkeit im Parkraum mit definierten Parkfl\u00e4chen\u00a0<br \/>&#8211; Echtzeitf\u00e4higkeit der Navigationsl\u00f6sung bei Fahren im beengten Raum\u00a0<\/p>\n<p>\t\t\t\t\t\t\t\t\t\t<img decoding=\"async\" width=\"300\" height=\"144\" src=\"https:\/\/future-parking.de\/wp-content\/uploads\/2020\/06\/ivs_park-300x144.png\" alt=\"\" loading=\"lazy\" srcset=\"https:\/\/future-parking.de\/wp-content\/uploads\/2020\/06\/ivs_park-300x144.png 300w, https:\/\/future-parking.de\/wp-content\/uploads\/2020\/06\/ivs_park-1024x493.png 1024w, https:\/\/future-parking.de\/wp-content\/uploads\/2020\/06\/ivs_park-768x370.png 768w, https:\/\/future-parking.de\/wp-content\/uploads\/2020\/06\/ivs_park-830x400.png 830w, https:\/\/future-parking.de\/wp-content\/uploads\/2020\/06\/ivs_park-230x111.png 230w, https:\/\/future-parking.de\/wp-content\/uploads\/2020\/06\/ivs_park-350x168.png 350w, https:\/\/future-parking.de\/wp-content\/uploads\/2020\/06\/ivs_park-480x231.png 480w, https:\/\/future-parking.de\/wp-content\/uploads\/2020\/06\/ivs_park.png 1236w\" sizes=\"auto, (max-width: 300px) 100vw, 300px\" \/><br \/>\n\t\t\t\t\t\t\t\t\t\t<img decoding=\"async\" width=\"1024\" height=\"387\" src=\"https:\/\/future-parking.de\/wp-content\/uploads\/2020\/06\/ivs_transport-1024x387.png\" alt=\"\" loading=\"lazy\" srcset=\"https:\/\/future-parking.de\/wp-content\/uploads\/2020\/06\/ivs_transport-1024x387.png 1024w, https:\/\/future-parking.de\/wp-content\/uploads\/2020\/06\/ivs_transport-300x113.png 300w, https:\/\/future-parking.de\/wp-content\/uploads\/2020\/06\/ivs_transport-768x290.png 768w, https:\/\/future-parking.de\/wp-content\/uploads\/2020\/06\/ivs_transport-830x313.png 830w, https:\/\/future-parking.de\/wp-content\/uploads\/2020\/06\/ivs_transport-230x87.png 230w, https:\/\/future-parking.de\/wp-content\/uploads\/2020\/06\/ivs_transport-350x132.png 350w, https:\/\/future-parking.de\/wp-content\/uploads\/2020\/06\/ivs_transport-480x181.png 480w, https:\/\/future-parking.de\/wp-content\/uploads\/2020\/06\/ivs_transport.png 1128w\" sizes=\"auto, (max-width: 1024px) 100vw, 1024px\" \/>\t\t\t\t\t\t\t\t\t\t\t<\/p>\n<h4 style=\"text-align: right;\"><b>Microhubs Logistik<\/b>\u00a0<\/h4>\n<p style=\"text-align: right;\">Zunehmende\u00a0Herausforderungen in den St\u00e4dten\u00a0werden Logistikfl\u00e4chen f\u00fcr die City-Logistik und kleinr\u00e4umige Verteilverkehre. Warum nicht Parkfl\u00e4chen\u00a0tempor\u00e4r\u00a0zu Stellfl\u00e4chen\u00a0f\u00fcr Micro Hubs oder Paketboxen umwandeln, wenn der Bedarf danach\u00a0weiterw\u00e4chst? Parkh\u00e4user bieten \u00fcberdachte Stellfl\u00e4chen im gesch\u00fctzten Raum und bieten durch zentrale Lage Distanzvorteile in der Belieferung von Kunden auf der letzten Meile. Future\u00a0Parking\u00a0bietet flexible L\u00f6sungen, kleinfl\u00e4chige Anmietungen App-gesteuert von ein oder mehreren Parkfl\u00e4chen f\u00fcr den Logistiker zu erm\u00f6glichen.\u00a0<\/p>\n<h4 style=\"text-align: left;\"><b>Fabriken, Flugh\u00e4fen, Messen, Warenlager<\/b>\u00a0<\/h4>\n<p style=\"text-align: left;\">Wie k\u00f6nnen Menschen- oder Warenstr\u00f6me identifiziert und gesteuert werden? Die L\u00f6sung von Future\u00a0Parking\u00a0bietet mit der erforschten Technologie\u00a0Produkte mit\u00a0vielf\u00e4ltigen Ortungs- und Identifikationsm\u00f6glichkeiten f\u00fcr sensible oder \u00f6ffentliche Indoor-Bereiche an. Sie k\u00f6nnen an die r\u00e4umlichen Erfordernisse angepasst werden, sind flexibel im Aufbau, skalierbar, robust und datenschutzkonform, je nach Erfordernis.<br \/>Werden sie ben\u00f6tigt, k\u00f6nnen sie z\u00fcgig aufgebaut und eingerichtet werden bei minimalem Eingriff in die bestehende Bausubstanz (Anbringen von einzelnen wenigen Funkantennen und zugeh\u00f6riger Verkabelung).\u00a0<\/p>\n<p>\t\t\t\t\t\t\t\t\t\t<img decoding=\"async\" width=\"1024\" height=\"409\" src=\"https:\/\/future-parking.de\/wp-content\/uploads\/2020\/06\/ivs_transport2-1024x409.png\" alt=\"\" loading=\"lazy\" srcset=\"https:\/\/future-parking.de\/wp-content\/uploads\/2020\/06\/ivs_transport2-1024x409.png 1024w, https:\/\/future-parking.de\/wp-content\/uploads\/2020\/06\/ivs_transport2-300x120.png 300w, https:\/\/future-parking.de\/wp-content\/uploads\/2020\/06\/ivs_transport2-768x307.png 768w, https:\/\/future-parking.de\/wp-content\/uploads\/2020\/06\/ivs_transport2-830x332.png 830w, https:\/\/future-parking.de\/wp-content\/uploads\/2020\/06\/ivs_transport2-230x92.png 230w, https:\/\/future-parking.de\/wp-content\/uploads\/2020\/06\/ivs_transport2-350x140.png 350w, https:\/\/future-parking.de\/wp-content\/uploads\/2020\/06\/ivs_transport2-480x192.png 480w, https:\/\/future-parking.de\/wp-content\/uploads\/2020\/06\/ivs_transport2.png 1364w\" sizes=\"auto, (max-width: 1024px) 100vw, 1024px\" \/><\/p>\n","protected":false},"excerpt":{"rendered":"<p>Anwendungsfelder Navigation in geschlossenen R\u00e4umen\u00a0 Wie begegnet man den Problemen, die in geschlossenen R\u00e4umen bei der Navigation entstehen? Mit der Technologie von [&hellip;]<\/p>\n","protected":false},"author":2,"featured_media":0,"parent":0,"menu_order":0,"comment_status":"closed","ping_status":"closed","template":"","meta":{"footnotes":""},"class_list":["post-571","page","type-page","status-publish","hentry"],"_links":{"self":[{"href":"https:\/\/future-parking.de\/index.php?rest_route=\/wp\/v2\/pages\/571","targetHints":{"allow":["GET"]}}],"collection":[{"href":"https:\/\/future-parking.de\/index.php?rest_route=\/wp\/v2\/pages"}],"about":[{"href":"https:\/\/future-parking.de\/index.php?rest_route=\/wp\/v2\/types\/page"}],"author":[{"embeddable":true,"href":"https:\/\/future-parking.de\/index.php?rest_route=\/wp\/v2\/users\/2"}],"replies":[{"embeddable":true,"href":"https:\/\/future-parking.de\/index.php?rest_route=%2Fwp%2Fv2%2Fcomments&post=571"}],"version-history":[{"count":10,"href":"https:\/\/future-parking.de\/index.php?rest_route=\/wp\/v2\/pages\/571\/revisions"}],"predecessor-version":[{"id":854,"href":"https:\/\/future-parking.de\/index.php?rest_route=\/wp\/v2\/pages\/571\/revisions\/854"}],"wp:attachment":[{"href":"https:\/\/future-parking.de\/index.php?rest_route=%2Fwp%2Fv2%2Fmedia&parent=571"}],"curies":[{"name":"wp","href":"https:\/\/api.w.org\/{rel}","templated":true}]}}