{"id":29,"date":"2018-05-24T15:52:27","date_gmt":"2018-05-24T13:52:27","guid":{"rendered":"http:\/\/dev.amz-sachsen.de\/?page_id=29"},"modified":"2020-08-27T20:45:34","modified_gmt":"2020-08-27T18:45:34","slug":"glts-cotech-gmbh","status":"publish","type":"page","link":"https:\/\/future-parking.de\/?page_id=29","title":{"rendered":"glts cotech GmbH"},"content":{"rendered":"<h2>glts cotech GmbH<\/h2>\t\t\n\t\t\n<figure><a href=\"https:\/\/www.glts-cotech.de\/\"><img loading=\"lazy\" decoding=\"async\" src=\"https:\/\/testpage.future-parking.de\/wp-content\/uploads\/2020\/01\/logo-cotech-1024x331.gif\" alt=\"\" width=\"216\" height=\"70\" \/><\/a><\/figure>\n\n<h4><strong>Unternehmen<\/strong><\/h4>\n\n<p>Wir sind ein Entwicklungs- und Vertriebshaus von Systemen, die der Kontrolle, Steuerung, \u00dcberwachung und Auswertung logistischer Prozesse und Abl\u00e4ufe dienen.\u00a0Seit unserer Gr\u00fcndung im Jahre 2000 arbeiten wir f\u00fcr die Automobilindustrie und f\u00fcr Logistikunternehmen. Wir entwickeln und\u00a0betreiben ma\u00dfgeschneiderte Systeme und bauen Standard Handys zu industrietauglichen Mobilger\u00e4ten um, die zur Visualisierung und Echtzeitsteuerung eingesetzt werden. Unser Firmenstandort ist\u00a0Leipzig.\u00a0Das Unternehmen bedient seine Kunden\u00a0mit umfangreichen Fahrzeugortungs- und Flottensteuerungsl\u00f6sungen, Systemen und Produkten im Bereich der Verkehrstelematik.<\/p>\n\n<h4><strong>\u00a0Unsere Philosophie<\/strong><\/h4>\n\n<p>Sich st\u00e4ndig \u00e4ndernde Umweltbedingungen und die Schnelllebigkeit unserer Zeit stellen den Menschen t\u00e4glich vor neue Anforderungen. Innovative L\u00f6sungen sollen dem Menschen helfen, diesen Anforderungen gerecht zu werden und sich mit seiner Umwelt zu arrangieren. Unsere Philosophie ist die Vereinfachung von Prozessen und wir machen aus Erfindungen innovative Systeme mit hohem Nutzen. Die permanente Verf\u00fcgbarkeit von Fahrzeugpositions-, Sendungs- und Prozessdaten ist zu einem wichtigen Faktor im Verdr\u00e4ngungswettbewerb geworden. Die Nutzung der Plattform Internet erm\u00f6glicht allen am Prozess Beteiligten einen st\u00e4ndigen Zugriff auf die Statusdaten und gew\u00e4hrleisten dadurch einen nahezu identischen Wissensstand in Echtzeit.<\/p>\n\n<figure><img decoding=\"async\" src=\"https:\/\/testpage.future-parking.de\/wp-content\/uploads\/2020\/01\/glts1.jpg\" alt=\"\" \/><\/figure>\n\n<h4>\u00a0<strong>Unsere Gesch\u00e4ftsbereiche<\/strong><\/h4>\n\n<p>Wir bieten unseren Kunden fertige L\u00f6sungen im Bereich Hofmanagement,\u00a0Spedition und Transport an.<\/p>\n\n<p>Die glts cotech versteht sich als Partner f\u00fcr individuelle L\u00f6sungen rund um logistische\u00a0Prozesse. In enger Zusammenarbeit mit unseren Kunden entwickeln und betreiben wir individuelle L\u00f6sungen im\u00a0Bereich der Steuerung, Kontrolle, Dokumentation und Optimierung bestehender Prozesse. Dabei entwickeln wir\u00a0komplett neue Systeme oder passen unsere bestehenden Systeme entsprechend der\u00a0Anforderungen an. Beispiele\u00a0unserer individuellen L\u00f6sungen sind:<\/p>\n\n<ul class=\"wp-block-list\">\n<li>Trailermodul<\/li>\n<li>Traileryard<\/li>\n<li>Containerabfertigung<\/li>\n<li>Subunternehmermodul<\/li>\n<li>VisualCheck zur Digitalisierung von Pr\u00fcflisten<\/li>\n<li>Bereichsreport<\/li>\n<\/ul>\n\n<p>weitere Infos unter <a href=\"https:\/\/www.glts-cotech.de\/\">www.glts-cotech.de<\/a><\/p>\n\n<figure><img decoding=\"async\" src=\"https:\/\/testpage.future-parking.de\/wp-content\/uploads\/2020\/01\/glts2.jpg\" alt=\"\" \/><\/figure>\n","protected":false},"excerpt":{"rendered":"<p>glts cotech GmbH Unternehmen Wir sind ein Entwicklungs- und Vertriebshaus von Systemen, die der Kontrolle, Steuerung, \u00dcberwachung und Auswertung logistischer Prozesse und [&hellip;]<\/p>\n","protected":false},"author":2,"featured_media":0,"parent":21,"menu_order":4,"comment_status":"closed","ping_status":"closed","template":"","meta":{"footnotes":""},"class_list":["post-29","page","type-page","status-publish","hentry"],"_links":{"self":[{"href":"https:\/\/future-parking.de\/index.php?rest_route=\/wp\/v2\/pages\/29","targetHints":{"allow":["GET"]}}],"collection":[{"href":"https:\/\/future-parking.de\/index.php?rest_route=\/wp\/v2\/pages"}],"about":[{"href":"https:\/\/future-parking.de\/index.php?rest_route=\/wp\/v2\/types\/page"}],"author":[{"embeddable":true,"href":"https:\/\/future-parking.de\/index.php?rest_route=\/wp\/v2\/users\/2"}],"replies":[{"embeddable":true,"href":"https:\/\/future-parking.de\/index.php?rest_route=%2Fwp%2Fv2%2Fcomments&post=29"}],"version-history":[{"count":2,"href":"https:\/\/future-parking.de\/index.php?rest_route=\/wp\/v2\/pages\/29\/revisions"}],"predecessor-version":[{"id":765,"href":"https:\/\/future-parking.de\/index.php?rest_route=\/wp\/v2\/pages\/29\/revisions\/765"}],"up":[{"embeddable":true,"href":"https:\/\/future-parking.de\/index.php?rest_route=\/wp\/v2\/pages\/21"}],"wp:attachment":[{"href":"https:\/\/future-parking.de\/index.php?rest_route=%2Fwp%2Fv2%2Fmedia&parent=29"}],"curies":[{"name":"wp","href":"https:\/\/api.w.org\/{rel}","templated":true}]}}