{"id":25,"date":"2018-05-24T15:51:27","date_gmt":"2018-05-24T13:51:27","guid":{"rendered":"http:\/\/dev.amz-sachsen.de\/?page_id=25"},"modified":"2020-08-27T20:41:06","modified_gmt":"2020-08-27T18:41:06","slug":"dresden-elektronik-ingenieurtechnik-gmbh","status":"publish","type":"page","link":"https:\/\/future-parking.de\/?page_id=25","title":{"rendered":"dresden elektronik ingenieurtechnik GmbH"},"content":{"rendered":"<h2>dresden elektronik ingenieurtechnik GmbH<\/h2>\t\t\n\t\t\n<h4 class=\"wp-block-heading\">Ihr Komplettanbieter f\u00fcr Elektronikentwicklung,<br \/>Typpr\u00fcfung und Serienfertigung<\/h4>\n\n<figure><a href=\"https:\/\/www.dresden-elektronik.de\/verkehr.html\"><img loading=\"lazy\" decoding=\"async\" src=\"https:\/\/testpage.future-parking.de\/wp-content\/uploads\/2020\/01\/dresden-elektronik.jpg\" alt=\"\" width=\"266\" height=\"71\" \/><\/a><\/figure>\n\n<p>Wir bedienen die gesamte Wertsch\u00f6pfungskette aus einer Hand. Von der ersten Idee bis zum fertigen Produkt l\u00f6sen wir individuelle und anspruchsvolle Aufgabenstellungen innerhalb k\u00fcrzester Zeit.<\/p>\n\n<p>Alle Produkte und Leistungen von dresden elektronik sind 100% &#8222;Made in Germany&#8220;. Die unmittelbare Interaktion der Bereiche Entwicklung und Fertigung erm\u00f6glichen schnelle und flexible Produktanpassungen. Als Kunde profitieren Sie davon mit einer deutlich reduzierten Time-to-Market und hochwertigen, marktf\u00e4higen Produkten.\u00a0\u00a0<\/p>\n\n<p>Mit der Gr\u00fcndung der 100%igen Tochter\u00a0dresden elektronik verkehrstechnik gmbh\u00a0erfolgte 2006 die Spezialisierung auf Produktentwicklungen im Bereich Verkehrsbeeinflussung und Anzeigensysteme.<\/p>\n\n<p>weitere Infos unter <a href=\"https:\/\/www.dresden-elektronik.de\/verkehr.html\">www.dresden-elektronik.de<\/a><\/p>\n","protected":false},"excerpt":{"rendered":"<p>dresden elektronik ingenieurtechnik GmbH Ihr Komplettanbieter f\u00fcr Elektronikentwicklung,Typpr\u00fcfung und Serienfertigung Wir bedienen die gesamte Wertsch\u00f6pfungskette aus einer Hand. Von der ersten Idee [&hellip;]<\/p>\n","protected":false},"author":2,"featured_media":0,"parent":21,"menu_order":2,"comment_status":"closed","ping_status":"closed","template":"","meta":{"footnotes":""},"class_list":["post-25","page","type-page","status-publish","hentry"],"_links":{"self":[{"href":"https:\/\/future-parking.de\/index.php?rest_route=\/wp\/v2\/pages\/25","targetHints":{"allow":["GET"]}}],"collection":[{"href":"https:\/\/future-parking.de\/index.php?rest_route=\/wp\/v2\/pages"}],"about":[{"href":"https:\/\/future-parking.de\/index.php?rest_route=\/wp\/v2\/types\/page"}],"author":[{"embeddable":true,"href":"https:\/\/future-parking.de\/index.php?rest_route=\/wp\/v2\/users\/2"}],"replies":[{"embeddable":true,"href":"https:\/\/future-parking.de\/index.php?rest_route=%2Fwp%2Fv2%2Fcomments&post=25"}],"version-history":[{"count":4,"href":"https:\/\/future-parking.de\/index.php?rest_route=\/wp\/v2\/pages\/25\/revisions"}],"predecessor-version":[{"id":760,"href":"https:\/\/future-parking.de\/index.php?rest_route=\/wp\/v2\/pages\/25\/revisions\/760"}],"up":[{"embeddable":true,"href":"https:\/\/future-parking.de\/index.php?rest_route=\/wp\/v2\/pages\/21"}],"wp:attachment":[{"href":"https:\/\/future-parking.de\/index.php?rest_route=%2Fwp%2Fv2%2Fmedia&parent=25"}],"curies":[{"name":"wp","href":"https:\/\/api.w.org\/{rel}","templated":true}]}}